f k?
1
Let u(t) be the third derivative of 2*t**5/15 + t**4/24 + 2*t**3/3 - 18*t**2. What is the units digit of u(3)?
9
Suppose n + 21 + 51 = 0. What is the units digit of 48/5 + (n/30)/4?
9
Let y = -8 - -31. Let p = y + -46. Let n = p + 29. What is the units digit of n?
6
Let v(s) = 70*s + 57. Let y be v(-10). Let a = -427 - y. What is the tens digit of a?
1
Let s(j) = 7*j - 4*j + 1 - 3*j - 3*j. Let w be s(-1). What is the units digit of 4*(18/w - -4)?
4
Let x(c) = -10*c - 26. Let p(v) = v**3 - v**2 - 2*v - 9. Let s be p(0). What is the tens digit of x(s)?
6
Suppose 2*b + 7*b - 2052 = 0. What is the units digit of b?
8
Suppose 98*d - 439535 = 13*d. What is the thousands digit of d?
5
Let y(g) = -486*g + 237. What is the tens digit of y(-2)?
0
Suppose 44952 = 96*v - 84*v. What is the tens digit of v?
4
Let q be ((-1084)/(-6))/(4/6). Suppose -475 = -5*d - 3*c, -2*d - c - q = -5*d. What is the units digit of d?
2
Suppose 6 = -w + 9. Suppose -5*g + 20 = -w*g. Let u = 30 - g. What is the tens digit of u?
2
Let o = 311 - 278. What is the units digit of o?
3
Suppose 2*a = 3*u - 2*a + 6, 5*u = 5*a - 10. What is the tens digit of (88/(-5))/(u/25 + 0)?
2
Suppose 0*d + 4*d = -60. Let a be 34/5 - 3/d. Suppose 3*l + a = 40. What is the units digit of l?
1
Let v(u) = -152*u**3 + 5*u**2 - 6*u. Let g(a) = -457*a**3 + 14*a**2 - 17*a. Let t(z) = -4*g(z) + 11*v(z). What is the tens digit of t(1)?
5
Suppose 4*d = 4*g - 2148, 0 = 6*d - 4*d + 6. What is the tens digit of g?
3
Let s(f) = 3*f**3 + f**2 - f + 1. Let z be s(1). Suppose -z*h = y - 125, h = 5*y + 2 + 3. What is the units digit of h?
0
Suppose 4*y - 24 - 332 = 0. Suppose 2*q + 73 = 3*z - 3*q, 3*z - q = y. What is the tens digit of z?
3
Let l = -32 - -32. Suppose 5*i = -l*i + 25. Suppose i*p - 5*q = 200, 3*p + 3*q = 4*q + 110. What is the tens digit of p?
3
Let p = -14 - -18. Let z(k) = k - 3*k**2 + 9*k**3 + 2 - k**2 - p + 4. What is the tens digit of z(2)?
6
Suppose -20 = -4*h - h. Suppose h*m + 0*m - 44 = 0. What is the units digit of m?
1
Let m(d) = d + 5*d + 6 - 3. Let s(t) = 5*t**2 - 2*t - 1. Let h be s(-1). What is the tens digit of m(h)?
3
Let m(k) = k**2 + 33. Suppose -j + 48 = -5*j. Let w = j - -12. What is the units digit of m(w)?
3
Let i(v) = 17*v**2 - 39*v + 27. What is the thousands digit of i(18)?
4
Let d = -23 + 14. Let n = -1 + d. What is the units digit of (-297)/(-5) + 4/n?
9
Let q(s) = s**3 - 4*s**2 + 3*s - 10. Let v be q(4). Suppose -2*c = -v*f + 394, -f + 172 = 4*c - 0*c. What is the hundreds digit of f?
1
Let a(c) = 24*c**2 + 2*c - 2. Let x be a(1). Let d = x + 115. What is the units digit of d?
9
Let y be (50/(-8))/(6/(-24)). Let w = y + 57. What is the tens digit of w?
8
Let n = -8 - -24. Suppose -12*k - 388 = -n*k. Suppose -k = -5*c - 37. What is the units digit of c?
2
Let n be 74 - 8/6*(-15)/10. Suppose -3*u - 5*w = -2*w - 570, -u = 3*w - 200. Suppose 5*a - 2*q - 43 = u, 3*q = -2*a + n. What is the units digit of a?
4
Let l(p) = 3*p**3 - 4*p**3 + 18*p + 4 + p**3 - p**3 - 2*p**2. What is the tens digit of l(-7)?
2
Let s(v) = v**2 - 3*v + 8. Let n be s(3). Let o(w) = -2*w**3 + 19*w**2 - 7*w + 2. What is the units digit of o(n)?
8
Let w be 3/4 + -1 + (-135)/(-60). What is the hundreds digit of 4535/(-50)*-2 + w/(-5)?
1
Suppose 7*m + 514 = -1026. Let q = m - -378. What is the units digit of q?
8
Let z(u) = u**3 - 8*u**2 - 10*u + 9. Let p be z(9). Suppose -4*q + 285 = -3*d - 331, 2*q - 5*d - 322 = p. What is the units digit of q?
1
Let l(a) = -a**3 - 2*a**2 - 2*a + 2. Suppose 2*j - 7 = j. Let y = -10 + j. What is the units digit of l(y)?
7
Let z(p) = 66*p**2 - 7*p - 19. Let j be z(-7). What is the units digit of (4/(-6))/((-8)/j)?
2
Let z = 1599 + -438. What is the tens digit of z?
6
Let m(y) = -13*y - 13 + 16*y - 16*y. What is the units digit of m(-11)?
0
Suppose 3*h - 66 = -2*t, 3*t + 3*h = 5*t - 42. Let x be (t/(-15))/(4/(-20)). Suppose x*c - 7*c - 50 = 0. What is the units digit of c?
5
Let f be (15 + -15)/(-1 + 2). Let z be (-1)/3 - 8/(-6). What is the units digit of -2 + f + z + 2?
1
Suppose -d - 4 = -2*d. Suppose -d*y + 32 = 4*l, -2*y - 2*l + 19 = l. Suppose 4*n = -3*v + 25, 2*v - 18 = -y*n + 3*n. What is the tens digit of v?
1
Suppose -2*p + 5*p = 18. What is the tens digit of p*1/(12/118)?
5
Let l(o) = -42*o + 21. What is the units digit of l(-40)?
1
Suppose 2*i = 4*u - 34, 4*u - 28 = -0*u + 4*i. What is the hundreds digit of 17*138/u - 62/(-155)?
2
Let a be ((-36)/8 - -4)/(3/(-18)). Suppose -k - 329 = -a*c - c, 4*k - 427 = -5*c. What is the units digit of c?
3
Let h = -61 - -65. What is the units digit of (h/4)/((-2)/(-10))?
5
Let b(t) = -t**3 + 7*t**2 + 7*t - 8. Suppose 3*x - 3*n + 4 = -5*n, 4 = 4*n. Let f be (x/(-4))/((-10)/(-140)). What is the tens digit of b(f)?
4
Let n(a) = -7. Let c(m) = -m + 1. Let g(p) = 3*c(p) - n(p). Let d be g(7). Let t = d - -20. What is the units digit of t?
9
Let h(u) = 41*u + 7. What is the units digit of h(14)?
1
Suppose 0*p + 6472 = 8*p. What is the tens digit of p?
0
Let q(o) = 7*o**2 - 10*o - 60. What is the tens digit of q(-16)?
9
Let d be ((-9)/(-6))/((-1)/(-2)). Suppose d*j - 35 = 67. Let q = 53 - j. What is the tens digit of q?
1
Let j = 1116 + -768. What is the tens digit of j?
4
Suppose 0 = 10*c - 7*c - 1434. What is the tens digit of c?
7
Let y = 76 - 79. Suppose 7*z = 2*z + 45. What is the units digit of 2*(z/6 - y)?
9
Suppose 0 = 3*p + 4*r + r - 2, -4*p = 3*r - 10. Suppose -p*v = -44 - 24. What is the tens digit of v?
1
Suppose -5*n + 8*r - 3*r + 160 = 0, 3*n - 5*r - 106 = 0. Suppose 10*k + n = 227. What is the tens digit of k?
2
Suppose 4*o - 4*a - 20 = 0, 0*o + a = 2*o - 15. What is the units digit of (-55)/(-22)*16/o + 25?
9
Suppose 0*o - 3*o = -477. Let n be 5/1 + (1*6)/(-2). Suppose n*x + 2*w = -0*x + 124, -2*x = -5*w - o. What is the tens digit of x?
6
Suppose 4 + 0 = m. Suppose 36 = -m*w + 10*w. What is the units digit of w?
6
Let y(j) = 18*j**2 - 8*j + 65. What is the units digit of y(6)?
5
Let j be (-2)/(-4)*(-5)/(10/(-232)). Suppose -c + j = -38. What is the tens digit of c?
9
Let q(g) = -g**3 - 6*g**2 + 7*g - 1. Let k be q(-7). Let f(n) = -40*n**3 + n**2. Let w be f(k). Suppose 11 = -2*i + w. What is the units digit of i?
5
Let v(c) = -16*c**2 + 2*c + 1 - 3*c + 82*c**2. What is the units digit of v(1)?
6
Suppose 27*u = 4*u - 2553. Let k(c) = -c**3 - 3*c**2 + 5*c - 2. Let m be k(-7). Let i = m + u. What is the tens digit of i?
4
Let a = 27 + -24. Suppose 0 = c + a*j - 0*j + 39, -4*j - 74 = 2*c. What is the units digit of 6/c - 664/(-22)?
0
Let c = -239 - -255. What is the units digit of c?
6
Let z(h) = 37*h - 46. Let s be z(22). Suppose 8*q + 0*q - s = 0. What is the units digit of q?
6
Suppose 0 = -8*u + 14*u - 1188. What is the hundreds digit of u?
1
Suppose -2*x - 3*x - 150 = 0. Let r = x + 43. Suppose q - r = -4*a, -2 = q - 0*q - a. What is the units digit of q?
1
Let b = 189 + -130. Suppose b - 9 = 5*g. What is the units digit of g?
0
What is the hundreds digit of 4/(-1) + 526 + (5 - 5)?
5
Let t = 1157 + -324. What is the hundreds digit of t?
8
Let a(j) = 4*j - 9. Let l be a(6). Suppose -58 + 62 = -4*q. Let h = q + l. What is the tens digit of h?
1
What is the units digit of 297*1*(-2 - (-8 + 1))?
5
Suppose -30*g + 35933 = -15067. What is the hundreds digit of g?
7
What is the tens digit of -2*2/20 + (-836)/(-55)?
1
Suppose 4*k = -0*j - j - 35, -2*k = 4*j. Let x(y) = 4 + y - y - 2*y. What is the tens digit of x(k)?
2
Let c = 218 + 757. What is the units digit of c?
5
Suppose -5*g + 4*t = -60, -3*g + 4 = 3*t + t. What is the tens digit of 22*(g/4)/2?
2
Suppose -3*b + 579 = s, 0 = -12*b + 17*b + 5*s - 955. What is the tens digit of b?
9
Suppose -8 = -4*r - 5*o, -r = -o - 0 - 2. Suppose r*k = -3*k + 390. What is the tens digit of k?
7
Let m(k) = -5*k**2 + 2*k + 3. Let w be m(-2). Let h be 2 + w - 0/2. What is the units digit of h/(-2) + 10/(-20)?
9
Let j be ((-12)/14)/((-1)/49). Suppose -13*a - j = -11*a. Let l = a + 44. What is the tens digit of l?
2
Suppose 16*l - 14*l = 20. Let s = l - -41. Let b = s + 2. What is the tens digit of b?
5
Let g(w) = -338*w + 30. What is the tens digit of g(-3)?
4
Let k be 8 + 0/(0/(-2) - -2). What is the hundreds digit of -65*((-528)/30)/k?
1
What is the tens digit of (-368)/((-5